et t be 2/(-4)*2304/(-9). What is the units digit of t/6*(-3)/(-2)?
2
Let x be 3/3 + 4 + -1. Let h(m) = -m - 11 + 4*m + m + x. What is the units digit of h(6)?
7
Suppose -2449*t + 2459*t = 51370. What is the units digit of t?
7
Let m = 319 + -26. What is the hundreds digit of m?
2
Let w = 20 - 24. Let r be w + 156*(-4)/(-4). Suppose -r = -6*a + 58. What is the units digit of a?
5
Suppose 132 = -u - 260. What is the tens digit of (-4)/26 + u/(-13)?
3
Let y(t) = t + 17. Let l(c) = c**2 + 2*c - 9. Let n(d) = d - 1. Let p be n(-5). Let m be l(p). What is the tens digit of y(m)?
3
Let v(a) = -a**3 + 8*a**2 - 6*a + 10. Let w be v(7). Suppose -w*m + 18*m - 40 = 0. What is the units digit of m?
0
Let v(s) = s**2 - 9*s - 390. What is the hundreds digit of v(-50)?
5
Let z(j) be the third derivative of j**5/24 + j**4/4 - 2*j**3/3 + 5*j**2. Let t(o) be the first derivative of z(o). What is the units digit of t(4)?
6
Let d = 945 + -611. What is the tens digit of d?
3
What is the tens digit of 285/76*(-800)/(-6)?
0
Let f(g) = -3*g**2 + 2*g**2 - 6*g + 15*g + 11. What is the units digit of f(9)?
1
Suppose -16*h + 20*h = 96. Let d be 114/h + 3/12. Suppose p = d*t + 6 + 5, -3*t - 143 = -5*p. What is the tens digit of p?
3
Let l = 104 + -15. Let d = 205 - l. What is the hundreds digit of d?
1
Suppose 6*c = 55 - 31. Let g(r) = 11*r**2 + r + 13. What is the hundreds digit of g(c)?
1
Suppose -2061*c = -2056*c - 10995. What is the units digit of c?
9
Let g(x) = -x**3 - x + 1. Suppose 2*v - 10 = q, -3*v + q = -3 - 10. Let k be g(v). Let i = k - -88. What is the tens digit of i?
5
Suppose -3*w + 3*j - j + 8621 = 0, 4*w = -3*j + 11489. What is the hundreds digit of w?
8
Let m(z) = z + 11. Let u be m(-9). Let y be (-2)/u*2 - -17. Let x = 27 + y. What is the units digit of x?
2
Suppose -6*u + 4 = -8. Let m(i) = 3*i + 1 + 4*i - u*i + 0 + 2*i**2. What is the units digit of m(-5)?
6
Suppose 0 = -2*r + 8, 0 = -3*w - r - 2*r + 27. Suppose -4*f + v = -273 - 322, -725 = -w*f - 5*v. What is the hundreds digit of f?
1
Let u(w) = 7*w**2 - 3*w - 5. Let a be u(-2). Let o(i) = -i**3 + 29*i**2 + 5*i - 46. What is the units digit of o(a)?
9
Suppose -49*d = -53*d - 1732. Let s = d - -680. What is the tens digit of s?
4
Let o(l) = l**2 - 26*l + 46. Let d be o(24). What is the tens digit of 2*(d + 394/4)?
9
Let f be (13/26)/(1/1148). Let n = f - 380. What is the units digit of n?
4
Suppose -y - 230 + 802 = 0. What is the units digit of y?
2
Let n(p) = p**3 - 4*p**2 - 2*p + 6. Let c be n(7). Suppose 4*w - c = -3*v - 0*w, -28 = -v - 5*w. What is the units digit of v?
3
Let q = 30 - 27. Suppose m - q*w + 33 = 0, 4*m + 2*w + 28 = 3*m. Let g = -29 - m. What is the units digit of g?
1
Suppose -16432 - 2048 = -16*a. What is the hundreds digit of a?
1
Let v be 2/(-4) - (-4)/8. Suppose v = y + 1, p - 2*y - 2 - 2 = 0. Suppose 15 = 7*f - p*f, t + 2*f - 36 = 0. What is the tens digit of t?
3
Let h be (-6)/(-10)*5 - 6. Let b = 6 - h. What is the units digit of b?
9
Suppose -2*a + 23 = 3*h - 4*a, 0 = 5*a + 20. Suppose -h*b + 24 = -6. Suppose -4*d = -b*d + 6. What is the units digit of d?
3
Suppose -2*u - c + 6 = 0, -4*c = 2*u - 0*c. Let r = 7 - u. Suppose -135 = -3*m - j, -r*j - 22 = -5*m + 189. What is the tens digit of m?
4
Suppose 0 = n - 4*n + 27. What is the units digit of (-2054)/(-234) - (0 + (-2)/n)?
9
What is the units digit of (-141)/((189/72)/(-7))?
6
Let u(j) = 63*j - 35. What is the tens digit of u(10)?
9
What is the tens digit of (4/(-12))/(-1*(-4)/(-35940))?
9
Let s = 568 + 8. What is the tens digit of s?
7
Suppose 0 = 4*d - 3*s + 2*s + 40, 3*d + 30 = 5*s. Let g(h) = -h**3 - 8*h**2 + 5*h + 19. What is the hundreds digit of g(d)?
1
What is the units digit of (-220)/(-88)*2104/10?
6
Let s(z) be the second derivative of z**6/120 - z**5/30 - 7*z**4/24 - 5*z**3/6 + 6*z. Let u(m) be the second derivative of s(m). What is the tens digit of u(5)?
4
Let i(n) be the third derivative of n**5/15 - n**4/3 - 7*n**3/6 + 2*n**2. What is the units digit of i(5)?
3
Let d = -110 - -1418. What is the hundreds digit of d?
3
What is the tens digit of 3/(1/9 - (-1300)/(-12510))?
1
Let q be (-2)/((2/6)/(-1)). Suppose n - 1 - q = 0. What is the units digit of n?
7
Let l(u) be the first derivative of -u**5/20 + 3*u**4/4 + u**3/6 + 4*u**2 + 4*u - 8. Let v(r) be the first derivative of l(r). What is the tens digit of v(9)?
1
Let j(x) be the third derivative of 5*x**4/24 - 11*x**3/6 - 23*x**2. What is the tens digit of j(7)?
2
Let a = 135 + 213. What is the hundreds digit of a?
3
Suppose -7*x + 15 = -2*x. Let p(m) = 15*m**2 - 8*m + 12. What is the units digit of p(x)?
3
What is the hundreds digit of 86/8*(132 + 4)?
4
Let a(f) = 32*f - 4. Let s(x) = -64*x + 8. Let m(w) = 7*a(w) + 3*s(w). Let h be m(2). Suppose 5*l = l + h. What is the tens digit of l?
1
Let p be (-21 - (-3 + 3)) + -2. Let b = -11 - p. Suppose 2*c + c = -b, 4*t - 4*c - 92 = 0. What is the tens digit of t?
1
Let g be (21/7)/((6/(-5))/(-2)). Suppose 8*o = g*o + 456. What is the hundreds digit of o?
1
Suppose 0 = -32*s + 17*s + 6030. What is the hundreds digit of s?
4
Let s = -51 + 85. Suppose -5 - 18 = r. Let t = r + s. What is the tens digit of t?
1
Suppose 0 = 4*v - 0 - 12. Suppose -2*y = v*y - 85. What is the units digit of y?
7
Let d = -162 + 632. Suppose 32*y = 27*y + d. What is the tens digit of y?
9
Suppose i - 4663 = -4*g, 0 = 4*g - i - 2*i - 4651. What is the tens digit of g?
6
Let n be ((-1)/(-3))/(1/69). Suppose 86 = -o + n. Let h = o + 114. What is the tens digit of h?
5
Suppose -9*n + 12 = -6. Suppose c - n*c + 80 = 0. What is the tens digit of c?
8
Let o(l) = 93*l**3 - 2*l**2 + 2*l - 1. Let x(b) = b**3 - 5*b**2 + 2*b - 9. Let u be x(5). What is the units digit of o(u)?
2
Suppose 4*z - 24 = 2*c, -4*c = -3*c + 2. Suppose z*o = 2*q + q + 461, -2*o - q = -180. What is the tens digit of o?
9
Let k(d) = -35 + 22 + 15 - 12*d. Let c(w) = w**3 + 5*w**2 + w + 3. Let l be c(-5). What is the tens digit of k(l)?
2
Let g = -2544 - -6691. What is the tens digit of g?
4
Let z = 13 - 7. Let p(a) = a**2 - 6*a - 6. Let x be p(z). What is the units digit of x/27 - (-40)/18?
2
Let z be (2 + 1*-6)/(-2). Suppose 3*o - 231 = -3*g - z*o, 5*o - 154 = -2*g. What is the tens digit of g?
7
Let u(c) = 33*c + 24. What is the hundreds digit of u(49)?
6
What is the hundreds digit of ((-941)/(-2))/(104/16 + -6)?
9
Let p(l) = 2*l**2 - 7*l - 17. Let m(r) = r**3 - 7*r**2 + 4*r - 5. Let u be m(7). Let q = u - 15. What is the units digit of p(q)?
5
Suppose 0 = 3*y - 3*c, -27 = 5*y + 2*c + 2*c. Let d be 3 - 0 - (0 + y). Suppose -2*s - 4 = -d*s. What is the units digit of s?
1
Let l be ((-2)/(-6))/((-2)/(-12)). Suppose 3*g - 37 = -5*x - l, -7 = g - 3*x. What is the units digit of (2 - -22)*g/4?
0
Let s = 10 - -2. What is the units digit of -3 - (s/(-15))/(2/395)?
5
Let q be (-2 - 0)/(10/(-1695)). Let u = q + -218. What is the tens digit of u?
2
Suppose 0 = 3*a - a + 2. Let b be (0 + a)*-1*9. Suppose 0 = -k - l + b, 4*k = k + 4*l + 62. What is the units digit of k?
4
Suppose 4*i - 6*i = 0. Let b be 3 + -6 + i/(-3). Let r = 6 + b. What is the units digit of r?
3
Let a = 5 + -5. Suppose a = c + 3 - 0. What is the units digit of c - -1 - -4 - -25?
7
Let b(g) = -g**2 - 8*g + 1. Let z be b(-10). Let y = -17 - z. Suppose -4*n - 10 = -2*n, 0 = k + y*n + 4. What is the units digit of k?
6
Let c(g) be the second derivative of g**5/20 + g**4/3 - g**3/2 - g**2/2 + 23*g. Let m(n) = 4*n + 1. Let y be m(-1). What is the tens digit of c(y)?
1
Let h(d) = 4*d**2 - 7*d - 129. What is the units digit of h(-25)?
6
Suppose 142 = 2*w - 156. Suppose 3*l - 22 = w. What is the units digit of l?
7
Suppose -23 = -5*s - 8. What is the units digit of 75*2/s - -3?
3
Suppose 4*h + 8 = 0, -4*i - h + 16 = -3*h. Let m(q) = -9 - q + 7 + 14. What is the units digit of m(i)?
9
Suppose 6*t - t = 100. Suppose 0 = l + 2*n + 2 + t, 4*l + 4*n + 100 = 0. Let f = 46 + l. What is the units digit of f?
8
Suppose -4*r = -3*v + 5673, 5245 = 4*v - 2*r - 2319. What is the units digit of v?
1
Suppose -i + 6*i = -3*d + 350, -5*i + 4*d = -350. Suppose 5*a - 3*w - 112 = 0, 4*w - 3*w = -3*a + i. What is the units digit of a?
3
Suppose -18*k = -25*k + 2744. What is the tens digit of k?
9
Let g = -753 + 1518. What is the hundreds d